 k?
False
Let r(n) = n**3 + 37*n**2 + 31*n - 73. Is 76 a factor of r(-35)?
True
Let w(h) = 28 + 0*h**2 - h**3 + 0*h**3 - 11*h**2 - 3*h**2 - 10*h. Is w(-14) a multiple of 34?
False
Let p(o) = -8 + 0 + 4*o + 2 + o**2 + 5. Is 5 a factor of p(2)?
False
Let v = -176 + 250. Let g be 131/(-3) - 2/6. Let j = g + v. Is 5 a factor of j?
True
Let w(a) = -7*a - 5. Let s be ((-112)/24)/(2/3). Let h be w(s). Suppose -5*p + 24 = 4*m, -4*p + 6*m + h = 3*m. Is 3 a factor of p?
False
Suppose 0 = -5*h + 3*p + 3375, 0 = -5*h - p - 3*p + 3340. Suppose 3*i - 9*i + h = 0. Is 30 a factor of i?
False
Does 19 divide -45*(58/(-5) + 19/95)?
True
Let r = -4 + 6. Suppose 5*l + 38 + 392 = r*q, 2*q + 3*l - 398 = 0. Suppose -q + 541 = 4*h. Does 21 divide h?
True
Let i(v) = 17*v**2 - v. Let f be i(-1). Let j = f + 21. Does 4 divide 12/(-1)*(-13)/j?
True
Suppose 0 = 4*o + 10 - 46. Suppose 2*g - 5 - o = 0. Is 5 a factor of g?
False
Let k(c) be the third derivative of 4*c**2 + 7/3*c**3 + 0 + 0*c - 1/24*c**4. Is 8 a factor of k(-15)?
False
Let c(p) = -p**3 + 14*p**2 - 22*p - 20. Is 17 a factor of c(11)?
False
Let y be ((-9)/(-12))/((-1)/(-4)). Suppose s - y = 4*s. Is 25 a factor of (675/(-18))/(s/2)?
True
Let o(q) = -q**2 - 12*q + 77. Does 16 divide o(-15)?
True
Suppose -22 + 62 = -2*d. Let o = d + 38. Does 7 divide o/15*40/6?
False
Let t(p) = p**3 + 5*p**2 - p - 2. Let x be t(4). Suppose x = -20*a + 23*a. Does 11 divide a?
False
Let u(p) = -p**3 + 4*p**2 - p + 18. Let h be u(5). Is 23 a factor of (-207)/5*40/h?
True
Let b = -12 + 14. Suppose -j - 2 = 2*k + 3*j, b*k - 4*j + 2 = 0. Does 8 divide (k - -2 - 14)*-3?
False
Let l = -20 - -8. Let h = l - -16. Suppose -h*q = -f - 240, 4*f + 300 = 5*q - 0*q. Is q a multiple of 20?
True
Suppose -218*m + 232*m - 840 = 0. Is m a multiple of 6?
True
Suppose 20*w - 3831 = 5849. Does 11 divide w?
True
Let b be 1 + (-27)/(-3 - 0). Suppose 2*m + 3*m = b. Suppose t = m + 43. Is t a multiple of 12?
False
Let o(i) = 100*i**2 + 44*i - 8. Does 118 divide o(-4)?
True
Let i = -1994 + 2674. Is 8 a factor of i?
True
Suppose 0 = 2*k - 4*k + 2*a + 6, a = -3*k + 25. Suppose -k*p + 10*p - 225 = 0. Is 11 a factor of p?
False
Let r = 33 + 0. Let o = r - 17. Does 14 divide 12/o - 327/(-12)?
True
Let v be -41 + 4*1/2. Let i = v + 27. Let q = i + 25. Is q a multiple of 9?
False
Suppose 0 = 5*b - 20, f - 4*b + 256 = 2918. Is 113 a factor of f?
False
Let n = -16 + 16. Suppose 2*g + 29 = k - 23, n = -k + 4*g + 48. Is 12 a factor of k?
False
Let i(v) = 2*v**3 - 18*v**2 - 17*v + 7. Let z(u) = u**3 - u**2 + u + 1. Let x(h) = i(h) - 3*z(h). Does 12 divide x(-14)?
False
Suppose -10 = -12*j - 58. Is (j/6)/((-3)/1386) a multiple of 44?
True
Suppose 119 = -72*o + 79*o. Is 17 a factor of o?
True
Let w(m) = -3*m**3 - m**2 + m. Let h be w(1). Is 74 + (-6)/(-2)*2/h a multiple of 7?
False
Suppose 2*b = 37*b - 34650. Does 55 divide b?
True
Let u = 169 + 433. Is u a multiple of 43?
True
Let s be ((-1)/(-3))/((-1 + -2)/387). Let y = s - -68. Is 6 a factor of y?
False
Let f(m) be the second derivative of m**3/2 - 10*m**2 - 5*m. Is 10 a factor of f(15)?
False
Let f = 131 + -138. Does 23 divide 2*(117/f)/(-3)*14?
False
Suppose 23 = 4*q + 5*z - 0, -2*q - z = -7. Suppose -j = -4*l + 61, 2*l + q*j = -j + 41. Suppose 0 = 5*v - 3*v - l. Is 4 a factor of v?
True
Let s = 16 - 24. Let c(h) = -h - 3. Let g be c(s). Suppose -120 = -10*b + g*b. Is 10 a factor of b?
False
Let s(i) = i**3 - 4*i**2 - 6*i - 5. Let t be s(5). Let v = -7 - t. Let h(n) = 2*n**2 + n - 3. Does 9 divide h(v)?
True
Let s(c) = 8*c + 96. Is s(10) a multiple of 4?
True
Let v(q) = q**3 - 4*q**2 + 3. Suppose -3*h = 5*i + 13, -h = -5*i + i - 24. Let b be v(h). Suppose 5*u + 60 = b*l, -3*l - l + 3*u + 80 = 0. Is 16 a factor of l?
False
Suppose 0 = -2*n + 3 - 3. Suppose n = 8*v - 12*v + 756. Is 49 a factor of v?
False
Let a = 152 - 154. Is 23 a factor of -3 + 1 - -2 - (-49 - a)?
False
Suppose -1073 = -2*z + 5*s, -135 = -z + 3*s + 399. Is z a multiple of 61?
True
Suppose 5*d - 3570 = -5*z, 2846 = 4*z + 160*d - 161*d. Is 8 a factor of z?
True
Suppose -518*p + 515*p + 3387 = 0. Does 71 divide p?
False
Suppose -g = 4*j - 6 - 0, -5*j + 6 = 2*g. Suppose 4*d = -j*d + 306. Is d a multiple of 20?
False
Suppose 2 = -2*w - 2*k + 8, 2*k = 2*w - 6. Suppose 0 = -4*i + w*i + 96. Is i a multiple of 12?
True
Let w(s) = 4*s**3 + 2*s**2 + 10*s - 34. Is 21 a factor of w(4)?
True
Let d(k) = -49*k**2 - 2*k - 2. Let r be d(-1). Let j = r + 62. Is j a multiple of 3?
False
Suppose o - 16119 = -5*v, 6*o - 6466 = -2*v + o. Does 11 divide v?
True
Let d = 161 - -88. Does 9 divide d?
False
Let i(t) = -t + 1. Let g be i(0). Let c(m) be the third derivative of 11*m**6/40 + m**5/60 - m**4/12 + m**3/6 - 2*m**2 + 35*m. Is c(g) a multiple of 9?
False
Let b(x) = -2*x**2 + 10*x - 9. Let j be b(5). Let o = j + 12. Is (-1 - 57)*(o - 4) a multiple of 12?
False
Suppose 0 = -3*l + 5*t + 19, 10 = 4*l - 3*t - 8. Suppose -15 = 5*j, 0 = -l*g - g - 5*j + 133. Does 37 divide g?
True
Suppose -h - 84 = 5*x - 6*x, -12 = 4*h. Is 9 a factor of x?
True
Let t = 253 - 37. Does 9 divide t?
True
Is 4 a factor of 9/((-468)/65) - 1397/(-4)?
True
Let v be (-8 - -13)*(-117)/(-15). Does 13 divide (3 + -1 + v)/(-3 + 4)?
False
Is 74 a factor of (-16879)/(-6) + 735/(-630)?
True
Is 70/(-105) + 9231/9 a multiple of 41?
True
Suppose 0 = -4*b + 2*p + 42, 3 = -4*b + p + 44. Suppose 0 = 4*d - 2 - b. Is d/27 - 530/(-9) a multiple of 19?
False
Let u(b) = 15*b - b**2 - 3*b**3 + 0*b**2 - 16*b. Let q be u(-1). Suppose -h - q*d + 7 = -17, 58 = 3*h + 2*d. Is 6 a factor of h?
True
Is (118 - 111) + 460/1 a multiple of 67?
False
Suppose t + 6 = -2*t. Let g be (-2 + 2 - 1) + t. Is 124/4 - -3 - g a multiple of 11?
False
Let f(t) = 4*t + 50. Let r be f(-12). Suppose -r*i - 112 = -3*i. Is i a multiple of 8?
True
Let m(u) be the second derivative of u**3/2 + 25*u**2/2 - u. Let x be (306/(-85))/(1/(-5)). Is 12 a factor of m(x)?
False
Let h(t) = t. Let q be h(4). Suppose -q*p = -0*p - 512. Suppose 5*y - 14 = -l, -l + p = 3*l + 2*y. Is l a multiple of 17?
True
Let x = 19 + -17. Suppose -65 = -3*f - x*f. Suppose -f + 39 = b. Is 13 a factor of b?
True
Suppose 3 = 3*q - 3*y, -2*q = -6*y + 3*y - 1. Let w be ((-72)/60)/(q/(-50)). Suppose 3*n = p + 1, -12 = 3*p - 2*n - w. Does 6 divide p?
False
Does 24 divide (-13)/((-13)/688) - -4?
False
Suppose -3*h = -11*h + 24. Suppose h*a - 513 = 81. Does 18 divide a?
True
Suppose -5*j + 2*n + 604 = 0, -4*n = -j + 152 - 24. Is 30 a factor of j?
True
Suppose 0 = 2*t - 3*w - 644, -t = -3*w - 180 - 139. Does 25 divide t?
True
Let p(r) = -r**2 - 35*r - 270. Is p(-16) a multiple of 12?
False
Let a be ((-9)/(-15))/((-6)/(-120)). Suppose 49 = a*t - 11*t. Is 14 a factor of t?
False
Suppose 0 = u + 4, 3*d + 8*u = 3*u - 944. Let c = -135 - d. Is c a multiple of 20?
False
Suppose n = 4*n. Let l = 12 - n. Is l/(-9) - (-112)/21 a multiple of 2?
True
Let b be -4 - (2 + -4) - -6. Suppose 24 = -5*n + b. Does 3 divide (43 + 1)*(-1)/n?
False
Suppose 0 = s + 6 - 25. Let b = s + 0. Suppose -5*u - b + 124 = 0. Is u a multiple of 7?
True
Let l(m) be the second derivative of 11*m**3/3 - 3*m**2/2 - 10*m. Is l(4) a multiple of 24?
False
Let n = 40 - 37. Let k(t) = 14*t**2 + 5*t + 6. Is k(n) a multiple of 21?
True
Let g(f) = 32*f - 13. Let x be g(6). Suppose i + x = 3*z, -2*z + 141 = -0*z - 5*i. Does 29 divide z?
True
Suppose -z + f + 162 - 50 = 0, 5*f + 239 = 2*z. Is z even?
False
Let q be (-4)/6 + (-1)/3. Suppose 5*v + 0 - 5 = 5*i, -2*i - 3*v = 12. Does 11 divide q + -6*(-5 - i)?
True
Let d = 86 - 226. Let m = -64 - d. Does 7 divide m?
False
Let p(k) = 20*k**2 - 2*k - 5. Let t be p(-2). Suppose -5*g = -319 + t. Does 12 divide g?
True
Let w(n) = 13*n - 1. Let p be w(0). Let b(y) = y**3 - 4*y**2 + 3*y - 5. Let o be b(5). Is 16 a factor of (5*p)/((-7)/o)?
False
Let q(c) = c**2 + 4*c - 1. Let y be q(-5). Let z be 4/10 + (-2120)/50. Does 9 divide y/14 - 744/z?
True
Let b(g) = 7 - 4*g**2 + 68*g**3 - 2*g**2 + 5*g - 67*g**3. Is 27 a factor of b(7)?
False
Let k = 13 - 12. Let z be (k + -62)*5/(-5). Suppose -4*n + 5*j + 150 = n, j + z = 2*n. Is n a multiple of 31?
True
Does 12 divide -5*120/(-18)*27?
True
Let g(y) = -2 - 5 + 1 - 5*y + 9. Let l be g(7). Let d = 122 + l. Is d a multiple of 13?
False
Let v be -2 + ((-16)